s - 4 + 2*s**o. Is 12 a factor of i(-5)?
True
Let o = -4 - -5. Let k = 1 + o. Suppose -3*a = -k*a - 12. Is a a multiple of 11?
False
Does 10 divide (40 - 0)*(6 + -5)?
True
Let g(o) = 42*o - 10. Does 42 divide g(2)?
False
Does 10 divide (-5)/(-2 - 8)*20?
True
Let d(g) = 3*g**3 - g**2 + g. Let n be d(1). Suppose -x - n*a + 24 = -0*a, a - 28 = -x. Does 15 divide x?
True
Let q = 5 - 3. Suppose -d - q*m = -13, 4*m - 31 = -2*d - m. Let t = 6 - d. Is 3 a factor of t?
True
Let i(k) = k**2 - 2*k + 7. Let r(x) = x**2 - 3*x - 5. Let q be r(5). Does 11 divide i(q)?
True
Suppose r - 430 = -3*b + 2*r, -3*r + 150 = b. Does 36 divide b?
True
Let f(l) = 3*l**3 - 2*l**2 + 1. Let h be f(1). Suppose h*o = -0 + 8. Suppose -5*p + 20 = -w, -o*p - w = 4 - 11. Is p a multiple of 2?
False
Suppose -b + 15 = -0*b. Is b a multiple of 9?
False
Suppose 2*d = -3*l + 57, -5*l + 48 + 40 = d. Is 5 a factor of l?
False
Let y be 2/(-6) + (-32)/(-24). Let h(n) = 1 + 2*n**2 + y + 0*n**2 - 4*n + 4. Does 18 divide h(5)?
True
Let p = -5 - -7. Is 36/(-2 + 1 + p) a multiple of 18?
True
Suppose -2*f = 2, -4*w = w - 4*f - 54. Suppose -169 + 33 = -4*t. Let x = t + w. Does 19 divide x?
False
Let g(b) = b**2 - 9*b - 5. Is g(10) a multiple of 5?
True
Let s(a) = a**2 + 10*a + 9. Let u be s(-7). Does 9 divide (u - -2)/(2/(-6))?
False
Let s(g) = g**2 - 14*g + 4. Let z be s(7). Does 5 divide z/12*16/(-6)?
True
Let q(l) = 10 + 2*l - 15*l + l**2 + 14 - 2. Is 26 a factor of q(15)?
True
Suppose 5*m - 55 = 5*i, -4*i - 44 = -0*m - 2*m. Let r = i + 14. Is 2 a factor of r?
False
Suppose y - 4*y - 3 = 0. Let m(t) = -18*t + 1. Does 8 divide m(y)?
False
Suppose -4*c = 4*k - 20 - 20, 5*k + c - 30 = 0. Suppose 5*x - 4*h = -h + 10, -k = -h. Suppose x*n = 4*d - 33, 0*d = -4*d - 3*n + 57. Is d a multiple of 12?
True
Let s be 8/32 - (-39)/4. Let d be ((-24)/30)/((-2)/s). Suppose -k + d*k = 42. Does 14 divide k?
True
Let v(g) = -6*g - 5. Let u be v(-7). Suppose 0 = 4*z - 83 - u. Does 15 divide z?
True
Let h be 48*((-25)/(-3))/(-5). Let m = -38 - h. Is m/6*(-18)/(-7) a multiple of 9?
True
Let a(s) = -3*s**3 + 2*s**2 - 3*s - 3. Let g be a(-2). Suppose -t = -5*r - 28, -2*r - r - g = -2*t. Is t a multiple of 9?
False
Let o = -34 + -19. Suppose 3*x - a - 271 = 0, 5*a - 24 - 93 = -x. Let k = o + x. Is 13 a factor of k?
True
Suppose 0 = 2*s - 12 + 4, -r + 14 = 3*s. Is 3 + (r + -2)/1 even?
False
Let o = 145 - 101. Is o a multiple of 9?
False
Suppose 19 = 4*t + 3. Is t a multiple of 2?
True
Suppose 7*b - 2*b - 150 = 0. Is b a multiple of 10?
True
Let v be (2/8)/(4/48). Suppose 3*n - 76 = 4*s, 5*n + v*s - 211 = -36. Is 16 a factor of n?
True
Suppose -60 - 144 = -3*q. Is q a multiple of 16?
False
Let n = 0 + 1. Does 6 divide n - 3*(0 + -2)?
False
Let l(v) = 2*v - 2. Let d be l(-2). Let z be (-20)/(-3)*(-9)/d. Suppose 5*t - 23 = c, -5*c = 5*t - 25 - z. Does 5 divide t?
True
Let j(z) = -69*z - 2. Is 17 a factor of j(-2)?
True
Suppose -3*r + 89 = -58. Is r a multiple of 3?
False
Let q(s) = s**2 + 2*s + 3. Does 17 divide q(-8)?
True
Let r(p) = -p**2 + 8*p + 8. Does 8 divide r(5)?
False
Suppose 1425 = 18*q - 2247. Is q a multiple of 28?
False
Let r(a) = -11*a + 15. Is r(-7) a multiple of 23?
True
Suppose 4*a = -5*s + 123 + 83, 2*s = 3*a + 64. Is 4 a factor of s?
False
Let c = 4 - -26. Is c a multiple of 5?
True
Let j(x) = -2*x + 3. Let b be j(3). Let k(u) = 2*u**2 - 3*u - 1. Is k(b) a multiple of 13?
True
Let m = -4 + 11. Is m a multiple of 5?
False
Suppose 0 = -5*w + 13 + 2, -y - 3*w = -22. Let m = y - -25. Let p = 54 - m. Is p a multiple of 9?
False
Is 20 a factor of (680/(-12))/(-1)*3?
False
Let h be 32/20*(-15)/(-6). Let v(l) = 4*l**2 - 4*l - 8. Does 10 divide v(h)?
True
Suppose -s + 14 = -w - 3*w, 2*w = -3*s + 28. Let v = -4 + s. Does 6 divide v?
True
Suppose -63 = -u + 15. Suppose 0 = -5*w + 20, w = -5*m + u + 36. Does 11 divide m?
True
Let q(u) = -u**3 + 6*u**2 - 5*u + 6. Let i(w) = -w**3 - 8*w**2 - 8*w - 2. Let r be i(-7). Is 3 a factor of q(r)?
True
Suppose -2*m - 3*y = -6*m - 7, -m - y + 7 = 0. Suppose 20 = -4*o, -m*w = -0*w + o - 55. Does 8 divide w?
False
Let s(p) = -2*p**2 + 2. Let v be s(0). Suppose -73 = -3*i + k, 2*i - 96 = -2*i + v*k. Is i a multiple of 7?
False
Is (-3048)/(-39) - (-4)/(-26) a multiple of 20?
False
Let b(r) = -r**3 + 8*r**2 + 8*r + 11. Let p be b(8). Suppose 30 + p = 5*j. Is j a multiple of 7?
True
Is 36 a factor of (-4)/18 - (-6984)/81?
False
Suppose 128 = -4*p - 4*l, -4*p - l = -2*p + 63. Let k = 82 + p. Is k a multiple of 12?
False
Suppose m - x + 2 = -20, -x + 4 = 0. Suppose -3*n = y - 33, 4*y - 3*n - 98 = 2*n. Let f = y + m. Does 9 divide f?
True
Is ((-3)/(-5))/(-3 - 228/(-75)) a multiple of 5?
True
Let o = -1 + 1. Suppose o = -2*f + 21 + 31. Is f a multiple of 9?
False
Let s(f) = -3*f + 1. Let a(p) = p - 1. Let t(q) = 7*a(q) + 4*s(q). Let i(k) = -k**3 + k**2 - k + 2. Let w be i(2). Is 17 a factor of t(w)?
True
Let y = 14 + 91. Suppose 3*a - 9 = y. Is 19 a factor of a?
True
Let t be 6/(-15)*-5 - -8. Let v = -6 + t. Is 3 a factor of v?
False
Let t = -6 + 9. Suppose -2*x + t*x = 27. Is 7 a factor of x?
False
Let r = -9 - -25. Is 12 a factor of r?
False
Suppose 3*h - 36 = 2*x - 5*x, -10 = -2*h. Let q = x + 1. Is 5 a factor of q?
False
Let q(x) = 3*x + 7. Let z be q(5). Suppose 0 = -4*m + 2*l + z, 6*m - m - 21 = -4*l. Suppose -m = 3*i - 47. Is i a multiple of 7?
True
Suppose l = 2*l. Let o = l + 166. Suppose o = 5*y - 4*z, -4*z + 14 = -2*y + 3*y. Is 16 a factor of y?
False
Suppose 6*t = 2*t. Let a be -2*(-2)/4 - t. Suppose -2*l + 5*b - 6 - a = 0, -5*b + 35 = 5*l. Is l a multiple of 4?
True
Let y(g) = 2*g**2 + g**2 - 6*g**2 + 3*g + 1 - 2*g. Let t be y(5). Let b = -29 - t. Does 20 divide b?
True
Let j = 228 + -163. Does 16 divide j?
False
Let r = 8 + -6. Suppose 5*p - 4*z = 56, -r*z - 7 = -4*p + 39. Is 12 a factor of p?
True
Suppose 6*y + 472 = y - 2*r, -4*y = -5*r + 404. Does 12 divide (15/20)/((-3)/y)?
True
Let q(k) = -13*k + 5. Let i be q(-5). Suppose w - i = -4*w. Does 4 divide w?
False
Suppose -x = 2*x - 5*c - 207, 2*x + 5*c = 113. Is 11 a factor of x?
False
Let a = -32 + 104. Suppose 0 = 2*z + z - a. Is 12 a factor of z?
True
Let b(a) be the third derivative of a**4/12 - 7*a**3/3 + 6*a**2. Does 6 divide b(10)?
True
Suppose -2*x = -0*x + 28. Let v = x - -46. Does 8 divide v?
True
Suppose 655 + 405 = 5*f. Suppose -n + 289 = -0*j + 4*j, 4*n + f = 3*j. Is 24 a factor of j?
True
Suppose -3*y = 4*x - 182, -2*y - 172 = -x - 3*x. Is x a multiple of 22?
True
Let u = -8 + 6. Is 1/1 + (-4)/u a multiple of 3?
True
Let z = -155 + 282. Is z a multiple of 40?
False
Let u = 53 - 36. Let j = u + -9. Suppose 2*o - 2*z - 2 = -2*o, z = -o + j. Is o a multiple of 2?
False
Let f(z) = 3*z + 4. Is 8 a factor of f(4)?
True
Suppose -2*m + 0*m - 3*d = -18, 3*d - 27 = -5*m. Suppose -5*o + m*v + 0 = -107, 2*v = o - 27. Let s = o + -4. Does 15 divide s?
True
Let a be 6/(-3)*4/8. Let y = a + 25. Is 24 a factor of y?
True
Let n be (1/1 - 0) + 2. Suppose 3*l + 5*h + 2 = 0, -l = 2*l - n*h - 30. Suppose 2*f - l*f = -32. Is f a multiple of 8?
True
Let d(h) be the third derivative of -h**6/60 - h**5/15 + h**4/24 - h**3/6 + 6*h**2. Is 19 a factor of d(-4)?
False
Suppose 5*d - 16 = g, -8*d + 10 = 5*g - 3*d. Let j be 3 - g*(1 + 0). Suppose -6 = 3*h - j*h. Is h a multiple of 3?
True
Let w(d) = -2*d + 14. Let i be w(-13). Suppose i = 3*b - 116. Is b a multiple of 26?
True
Let k(g) = 3*g**2. Let j be k(-1). Suppose -5*n + 2*r = -2*n + 62, 0 = -5*n - j*r - 97. Does 9 divide (32/n)/(4/(-50))?
False
Suppose 3*a - 2 = 1. Let r = a + -1. Suppose -2*p - 5*n + 31 = r, 0 = -2*p - n + 18 + 9. Is 13 a factor of p?
True
Suppose 0*k = -m - 2*k + 126, 0 = -2*m - 3*k + 248. Suppose -4*v + 5*r + m = 0, -3*v - r = 3*r - 104. Is v a multiple of 9?
False
Let q be (-1)/((-2)/4)*-3. Let d = q - -9. Is -2 + 3/d + 45 a multiple of 12?
False
Suppose 0 = 5*l - r - 12 - 5, 3*l = 4*r. Suppose 3*h + 30 = 5*x, l*x + h = -3*h + 24. Does 6 divide x?
True
Let x(t) = 8 + 4*t + t - 2 - t**2. Let l be x(6). Suppose h - 16 = -l*h. Is h a multiple of 15?
False
Suppose -21*b + 72 = -18*b. Is b a multiple of 6?
True
Suppose m + 3*m = 8. Let f(t) = m*t**2 + t**3 - t**2 + 2*t**3. Is f(2) a multiple of 14?
True
Is 3/(115/(-65) + 2)*11 a multiple of 5?
False
Let b be (3